{"id":1873,"date":"2023-02-07T12:40:06","date_gmt":"2023-02-07T11:40:06","guid":{"rendered":"https:\/\/multisite.mindd.dev\/hap-tiel\/?page_id=1873"},"modified":"2026-02-03T16:36:53","modified_gmt":"2026-02-03T15:36:53","slug":"was-kostet-ein-besuch-beim-arztelichen-notdienst","status":"publish","type":"page","link":"https:\/\/haptiel.nl\/deutsch\/was-kostet-ein-besuch-beim-arztelichen-notdienst\/","title":{"rendered":"Wie viel kostet ein Besuch beim \u00c4rztlichen Notdienst Huisartsen?"},"content":{"rendered":"\n<p>Sie erhalten f\u00fcr jeden Kontakt mit dem \u00c4rztlichen Notdienst Huisartsen eine Rechnung. Also selbst wenn du uns nur anrufst. Sind Sie versichert? Dann geht die Rechnung direkt an Ihre Krankenversicherung. Die Grundversicherung \u00fcbernimmt die Kosten des Hausarztes und damit auch des \u00c4rztlichen Notdienstes Huisartsen.<\/p>\n\n\n\n<p>Bist du nicht versichert? Dann zahlst du die Rechnung beim \u00c4rztlichen Notdienst Huisartsen. Sie k\u00f6nnen bei uns nur mit Debitkarte bezahlen.<\/p>\n\n\n\n<h2 class=\"wp-block-heading\">Unsere Tarife<\/h2>\n\n\n\n<figure class=\"wp-block-table\"><table class=\"has-fixed-layout\"><tbody><tr><td class=\"has-text-align-left\" data-align=\"left\">Telefonische Beratung<\/td><td>Ab 35,00 \u20ac<\/td><\/tr><tr><td class=\"has-text-align-left\" data-align=\"left\">Beratung beim \u00c4rztlichen Notdienst Huisartsen<\/td><td>\u20ac202,57<\/td><\/tr><tr><td class=\"has-text-align-left\" data-align=\"left\">Besuch in deinem Zuhause<\/td><td>\u20ac303,86<\/td><\/tr><\/tbody><\/table><\/figure>\n\n\n\n<h2 class=\"wp-block-heading\">\u00dcberweisung ins Krankenhaus<\/h2>\n\n\n\n<p>Es ist m\u00f6glich, dass der Hausarzt des \u00c4rztlichen Notdienstes Huisartsen Sie an die Notaufnahme (ER) des Rivierenland Krankenhauses \u00fcberweist. Die Krankenversicherung zieht die Kosten f\u00fcr die Versorgung im Krankenhaus von Ihrer Selbstbeteiligung ab.<\/p>\n","protected":false},"excerpt":{"rendered":"<p>Sie erhalten f\u00fcr jeden Kontakt mit dem \u00c4rztlichen Notdienst Huisartsen eine Rechnung. Also selbst wenn du uns nur anrufst. Sind Sie versichert? Dann geht die Rechnung direkt an Ihre Krankenversicherung. Die Grundversicherung \u00fcbernimmt die Kosten des Hausarztes und damit auch des \u00c4rztlichen Notdienstes Huisartsen. Bist du nicht versichert? Dann zahlst du die Rechnung beim \u00c4rztlichen [&hellip;]<\/p>\n","protected":false},"author":3,"featured_media":0,"parent":0,"menu_order":0,"comment_status":"closed","ping_status":"closed","template":"","meta":{"_acf_changed":false,"_trash_the_other_posts":false,"editor_notices":[],"footnotes":""},"class_list":["post-1873","page","type-page","status-publish","hentry"],"acf":[],"yoast_head":"<!-- This site is optimized with the Yoast SEO plugin v26.6 - https:\/\/yoast.com\/wordpress\/plugins\/seo\/ -->\n<title>Wie viel kostet ein Besuch beim \u00c4rztlichen Notdienst Huisartsen? - Huisartsenspoedpost Tiel - Deutsch<\/title>\n<meta name=\"description\" content=\"F\u00fcr jeden Kontakt mit der Notdienststelle f\u00fcr Allgemeinmediziner erhalten Sie eine Rechnung. Sind Sie versichert? Dann geht die Rechnung an Ihre Krankenkasse.\" \/>\n<meta name=\"robots\" content=\"index, follow, max-snippet:-1, max-image-preview:large, max-video-preview:-1\" \/>\n<link rel=\"canonical\" href=\"https:\/\/haptiel.nl\/deutsch\/was-kostet-ein-besuch-in-der-notaufnahme\/\" \/>\n<meta property=\"og:locale\" content=\"de_DE\" \/>\n<meta property=\"og:type\" content=\"article\" \/>\n<meta property=\"og:title\" content=\"Wie viel kostet ein Besuch beim \u00c4rztlichen Notdienst Huisartsen? - Huisartsenspoedpost Tiel - Deutsch\" \/>\n<meta property=\"og:description\" content=\"F\u00fcr jeden Kontakt mit der Notdienststelle f\u00fcr Allgemeinmediziner erhalten Sie eine Rechnung. Sind Sie versichert? Dann geht die Rechnung an Ihre Krankenkasse.\" \/>\n<meta property=\"og:url\" content=\"https:\/\/haptiel.nl\/deutsch\/was-kostet-ein-besuch-in-der-notaufnahme\/\" \/>\n<meta property=\"og:site_name\" content=\"Huisartsenspoedpost Tiel - Deutsch\" \/>\n<meta property=\"article:modified_time\" content=\"2026-02-03T15:36:53+00:00\" \/>\n<meta name=\"twitter:card\" content=\"summary_large_image\" \/>\n<meta name=\"twitter:label1\" content=\"Gesch\u00e4tzte Lesezeit\" \/>\n\t<meta name=\"twitter:data1\" content=\"1\u00a0Minute\" \/>\n<script type=\"application\/ld+json\" class=\"yoast-schema-graph\">{\"@context\":\"https:\/\/schema.org\",\"@graph\":[{\"@type\":\"WebPage\",\"@id\":\"https:\/\/haptiel.nl\/deutsch\/was-kostet-ein-besuch-in-der-notaufnahme\/\",\"url\":\"https:\/\/haptiel.nl\/deutsch\/was-kostet-ein-besuch-in-der-notaufnahme\/\",\"name\":\"Wie viel kostet ein Besuch beim \u00c4rztlichen Notdienst Huisartsen? - Huisartsenspoedpost Tiel - Deutsch\",\"isPartOf\":{\"@id\":\"https:\/\/haptiel.nl\/deutsch\/#website\"},\"datePublished\":\"2023-02-07T11:40:06+00:00\",\"dateModified\":\"2026-02-03T15:36:53+00:00\",\"description\":\"F\u00fcr jeden Kontakt mit der Notdienststelle f\u00fcr Allgemeinmediziner erhalten Sie eine Rechnung. Sind Sie versichert? Dann geht die Rechnung an Ihre Krankenkasse.\",\"breadcrumb\":{\"@id\":\"https:\/\/haptiel.nl\/deutsch\/was-kostet-ein-besuch-in-der-notaufnahme\/#breadcrumb\"},\"inLanguage\":\"de\",\"potentialAction\":[{\"@type\":\"ReadAction\",\"target\":[\"https:\/\/haptiel.nl\/deutsch\/was-kostet-ein-besuch-in-der-notaufnahme\/\"]}]},{\"@type\":\"BreadcrumbList\",\"@id\":\"https:\/\/haptiel.nl\/deutsch\/was-kostet-ein-besuch-in-der-notaufnahme\/#breadcrumb\",\"itemListElement\":[{\"@type\":\"ListItem\",\"position\":1,\"name\":\"Home\",\"item\":\"https:\/\/haptiel.nl\/deutsch\/\"},{\"@type\":\"ListItem\",\"position\":2,\"name\":\"Was kostet ein Besuch bei der Notaufnahmestelle f\u00fcr Allgemeinmedizin?\"}]},{\"@type\":\"WebSite\",\"@id\":\"https:\/\/haptiel.nl\/deutsch\/#website\",\"url\":\"https:\/\/haptiel.nl\/deutsch\/\",\"name\":\"Huisartsenspoedpost Tiel - Deutsch\",\"description\":\"\",\"potentialAction\":[{\"@type\":\"SearchAction\",\"target\":{\"@type\":\"EntryPoint\",\"urlTemplate\":\"https:\/\/haptiel.nl\/deutsch\/?s={search_term_string}\"},\"query-input\":{\"@type\":\"PropertyValueSpecification\",\"valueRequired\":true,\"valueName\":\"search_term_string\"}}],\"inLanguage\":\"de\"}]}<\/script>\n<!-- \/ Yoast SEO plugin. -->","yoast_head_json":{"title":"Wie viel kostet ein Besuch beim \u00c4rztlichen Notdienst Huisartsen? - Huisartsenspoedpost Tiel - Deutsch","description":"F\u00fcr jeden Kontakt mit der Notdienststelle f\u00fcr Allgemeinmediziner erhalten Sie eine Rechnung. Sind Sie versichert? Dann geht die Rechnung an Ihre Krankenkasse.","robots":{"index":"index","follow":"follow","max-snippet":"max-snippet:-1","max-image-preview":"max-image-preview:large","max-video-preview":"max-video-preview:-1"},"canonical":"https:\/\/haptiel.nl\/deutsch\/was-kostet-ein-besuch-in-der-notaufnahme\/","og_locale":"de_DE","og_type":"article","og_title":"Wie viel kostet ein Besuch beim \u00c4rztlichen Notdienst Huisartsen? - Huisartsenspoedpost Tiel - Deutsch","og_description":"F\u00fcr jeden Kontakt mit der Notdienststelle f\u00fcr Allgemeinmediziner erhalten Sie eine Rechnung. Sind Sie versichert? Dann geht die Rechnung an Ihre Krankenkasse.","og_url":"https:\/\/haptiel.nl\/deutsch\/was-kostet-ein-besuch-in-der-notaufnahme\/","og_site_name":"Huisartsenspoedpost Tiel - Deutsch","article_modified_time":"2026-02-03T15:36:53+00:00","twitter_card":"summary_large_image","twitter_misc":{"Gesch\u00e4tzte Lesezeit":"1\u00a0Minute"},"schema":{"@context":"https:\/\/schema.org","@graph":[{"@type":"WebPage","@id":"https:\/\/haptiel.nl\/deutsch\/was-kostet-ein-besuch-in-der-notaufnahme\/","url":"https:\/\/haptiel.nl\/deutsch\/was-kostet-ein-besuch-in-der-notaufnahme\/","name":"Wie viel kostet ein Besuch beim \u00c4rztlichen Notdienst Huisartsen? - Huisartsenspoedpost Tiel - Deutsch","isPartOf":{"@id":"https:\/\/haptiel.nl\/deutsch\/#website"},"datePublished":"2023-02-07T11:40:06+00:00","dateModified":"2026-02-03T15:36:53+00:00","description":"F\u00fcr jeden Kontakt mit der Notdienststelle f\u00fcr Allgemeinmediziner erhalten Sie eine Rechnung. Sind Sie versichert? Dann geht die Rechnung an Ihre Krankenkasse.","breadcrumb":{"@id":"https:\/\/haptiel.nl\/deutsch\/was-kostet-ein-besuch-in-der-notaufnahme\/#breadcrumb"},"inLanguage":"de","potentialAction":[{"@type":"ReadAction","target":["https:\/\/haptiel.nl\/deutsch\/was-kostet-ein-besuch-in-der-notaufnahme\/"]}]},{"@type":"BreadcrumbList","@id":"https:\/\/haptiel.nl\/deutsch\/was-kostet-ein-besuch-in-der-notaufnahme\/#breadcrumb","itemListElement":[{"@type":"ListItem","position":1,"name":"Home","item":"https:\/\/haptiel.nl\/deutsch\/"},{"@type":"ListItem","position":2,"name":"Was kostet ein Besuch bei der Notaufnahmestelle f\u00fcr Allgemeinmedizin?"}]},{"@type":"WebSite","@id":"https:\/\/haptiel.nl\/deutsch\/#website","url":"https:\/\/haptiel.nl\/deutsch\/","name":"Huisartsenspoedpost Tiel - Deutsch","description":"","potentialAction":[{"@type":"SearchAction","target":{"@type":"EntryPoint","urlTemplate":"https:\/\/haptiel.nl\/deutsch\/?s={search_term_string}"},"query-input":{"@type":"PropertyValueSpecification","valueRequired":true,"valueName":"search_term_string"}}],"inLanguage":"de"}]}},"_links":{"self":[{"href":"https:\/\/haptiel.nl\/deutsch\/wp-json\/wp\/v2\/pages\/1873","targetHints":{"allow":["GET"]}}],"collection":[{"href":"https:\/\/haptiel.nl\/deutsch\/wp-json\/wp\/v2\/pages"}],"about":[{"href":"https:\/\/haptiel.nl\/deutsch\/wp-json\/wp\/v2\/types\/page"}],"author":[{"embeddable":true,"href":"https:\/\/haptiel.nl\/deutsch\/wp-json\/wp\/v2\/users\/3"}],"replies":[{"embeddable":true,"href":"https:\/\/haptiel.nl\/deutsch\/wp-json\/wp\/v2\/comments?post=1873"}],"version-history":[{"count":3,"href":"https:\/\/haptiel.nl\/deutsch\/wp-json\/wp\/v2\/pages\/1873\/revisions"}],"predecessor-version":[{"id":5011,"href":"https:\/\/haptiel.nl\/deutsch\/wp-json\/wp\/v2\/pages\/1873\/revisions\/5011"}],"wp:attachment":[{"href":"https:\/\/haptiel.nl\/deutsch\/wp-json\/wp\/v2\/media?parent=1873"}],"curies":[{"name":"wp","href":"https:\/\/api.w.org\/{rel}","templated":true}]}}