{"id":1880,"date":"2023-02-07T12:47:50","date_gmt":"2023-02-07T11:47:50","guid":{"rendered":"https:\/\/multisite.mindd.dev\/hap-tiel\/?page_id=1880"},"modified":"2024-12-19T12:36:37","modified_gmt":"2024-12-19T11:36:37","slug":"hast-du-ein-kompliment","status":"publish","type":"page","link":"https:\/\/haptiel.nl\/deutsch\/hast-du-ein-kompliment\/","title":{"rendered":"Hast du ein Kompliment?"},"content":{"rendered":"\n\n\n<p>Sind Sie mit Ihrem Besuch in der haus\u00e4rztlichen Notaufnahme zufrieden? Wir w\u00fcrden uns freuen, von Ihnen zu h\u00f6ren. F\u00fcllen Sie das Formular aus und klicken Sie auf &#8222;Senden&#8220;. Vielen Dank!<\/p>\n\n\n\n<div class=\"wp-block-buttons is-layout-flex wp-block-buttons-is-layout-flex\"><\/div>\n\n\n\n<div class=\"wp-block-buttons is-layout-flex wp-block-buttons-is-layout-flex\">\n<div class=\"wp-block-button aligncenter is-style-outline is-style-outline--1\"><a class=\"wp-block-button__link wp-element-button\" href=\"https:\/\/c6253.patientsafety.com\/portal\/#\/form\/4ffa0946-6e06-c0b4-a960-a559f07aafed\" target=\"_blank\" rel=\"noreferrer noopener\">Form<\/a><\/div>\n<\/div>\n","protected":false},"excerpt":{"rendered":"<p>Sind Sie mit Ihrem Besuch in der haus\u00e4rztlichen Notaufnahme zufrieden? Wir w\u00fcrden uns freuen, von Ihnen zu h\u00f6ren. F\u00fcllen Sie das Formular aus und klicken Sie auf &#8222;Senden&#8220;. Vielen Dank!<\/p>\n","protected":false},"author":3,"featured_media":0,"parent":0,"menu_order":0,"comment_status":"closed","ping_status":"closed","template":"","meta":{"_acf_changed":false,"_trash_the_other_posts":false,"editor_notices":[],"footnotes":""},"class_list":["post-1880","page","type-page","status-publish","hentry"],"acf":[],"yoast_head":"<!-- This site is optimized with the Yoast SEO plugin v26.6 - https:\/\/yoast.com\/wordpress\/plugins\/seo\/ -->\n<title>Hast du ein Kompliment? - Huisartsenspoedpost Tiel - Deutsch<\/title>\n<meta name=\"description\" content=\"Haben Sie positive Erfahrungen mit Spoedpost Huisartsen Gelders Rivierenland gemacht? Lassen Sie es uns wissen! Ihr Feedback hilft uns, uns zu verbessern.\" \/>\n<meta name=\"robots\" content=\"index, follow, max-snippet:-1, max-image-preview:large, max-video-preview:-1\" \/>\n<link rel=\"canonical\" href=\"https:\/\/haptiel.nl\/deutsch\/hast-du-ein-kompliment\/\" \/>\n<meta property=\"og:locale\" content=\"de_DE\" \/>\n<meta property=\"og:type\" content=\"article\" \/>\n<meta property=\"og:title\" content=\"Hast du ein Kompliment? - Huisartsenspoedpost Tiel - Deutsch\" \/>\n<meta property=\"og:description\" content=\"Haben Sie positive Erfahrungen mit Spoedpost Huisartsen Gelders Rivierenland gemacht? Lassen Sie es uns wissen! Ihr Feedback hilft uns, uns zu verbessern.\" \/>\n<meta property=\"og:url\" content=\"https:\/\/haptiel.nl\/deutsch\/hast-du-ein-kompliment\/\" \/>\n<meta property=\"og:site_name\" content=\"Huisartsenspoedpost Tiel - Deutsch\" \/>\n<meta property=\"article:modified_time\" content=\"2024-12-19T11:36:37+00:00\" \/>\n<meta name=\"twitter:card\" content=\"summary_large_image\" \/>\n<meta name=\"twitter:label1\" content=\"Gesch\u00e4tzte Lesezeit\" \/>\n\t<meta name=\"twitter:data1\" content=\"1\u00a0Minute\" \/>\n<script type=\"application\/ld+json\" class=\"yoast-schema-graph\">{\"@context\":\"https:\/\/schema.org\",\"@graph\":[{\"@type\":\"WebPage\",\"@id\":\"https:\/\/haptiel.nl\/deutsch\/hast-du-ein-kompliment\/\",\"url\":\"https:\/\/haptiel.nl\/deutsch\/hast-du-ein-kompliment\/\",\"name\":\"Hast du ein Kompliment? - Huisartsenspoedpost Tiel - Deutsch\",\"isPartOf\":{\"@id\":\"https:\/\/haptiel.nl\/deutsch\/#website\"},\"datePublished\":\"2023-02-07T11:47:50+00:00\",\"dateModified\":\"2024-12-19T11:36:37+00:00\",\"description\":\"Haben Sie positive Erfahrungen mit Spoedpost Huisartsen Gelders Rivierenland gemacht? Lassen Sie es uns wissen! Ihr Feedback hilft uns, uns zu verbessern.\",\"breadcrumb\":{\"@id\":\"https:\/\/haptiel.nl\/deutsch\/hast-du-ein-kompliment\/#breadcrumb\"},\"inLanguage\":\"de\",\"potentialAction\":[{\"@type\":\"ReadAction\",\"target\":[\"https:\/\/haptiel.nl\/deutsch\/hast-du-ein-kompliment\/\"]}]},{\"@type\":\"BreadcrumbList\",\"@id\":\"https:\/\/haptiel.nl\/deutsch\/hast-du-ein-kompliment\/#breadcrumb\",\"itemListElement\":[{\"@type\":\"ListItem\",\"position\":1,\"name\":\"Home\",\"item\":\"https:\/\/haptiel.nl\/deutsch\/\"},{\"@type\":\"ListItem\",\"position\":2,\"name\":\"Hast du ein Kompliment?\"}]},{\"@type\":\"WebSite\",\"@id\":\"https:\/\/haptiel.nl\/deutsch\/#website\",\"url\":\"https:\/\/haptiel.nl\/deutsch\/\",\"name\":\"Huisartsenspoedpost Tiel - Deutsch\",\"description\":\"\",\"potentialAction\":[{\"@type\":\"SearchAction\",\"target\":{\"@type\":\"EntryPoint\",\"urlTemplate\":\"https:\/\/haptiel.nl\/deutsch\/?s={search_term_string}\"},\"query-input\":{\"@type\":\"PropertyValueSpecification\",\"valueRequired\":true,\"valueName\":\"search_term_string\"}}],\"inLanguage\":\"de\"}]}<\/script>\n<!-- \/ Yoast SEO plugin. -->","yoast_head_json":{"title":"Hast du ein Kompliment? - Huisartsenspoedpost Tiel - Deutsch","description":"Haben Sie positive Erfahrungen mit Spoedpost Huisartsen Gelders Rivierenland gemacht? Lassen Sie es uns wissen! Ihr Feedback hilft uns, uns zu verbessern.","robots":{"index":"index","follow":"follow","max-snippet":"max-snippet:-1","max-image-preview":"max-image-preview:large","max-video-preview":"max-video-preview:-1"},"canonical":"https:\/\/haptiel.nl\/deutsch\/hast-du-ein-kompliment\/","og_locale":"de_DE","og_type":"article","og_title":"Hast du ein Kompliment? - Huisartsenspoedpost Tiel - Deutsch","og_description":"Haben Sie positive Erfahrungen mit Spoedpost Huisartsen Gelders Rivierenland gemacht? Lassen Sie es uns wissen! Ihr Feedback hilft uns, uns zu verbessern.","og_url":"https:\/\/haptiel.nl\/deutsch\/hast-du-ein-kompliment\/","og_site_name":"Huisartsenspoedpost Tiel - Deutsch","article_modified_time":"2024-12-19T11:36:37+00:00","twitter_card":"summary_large_image","twitter_misc":{"Gesch\u00e4tzte Lesezeit":"1\u00a0Minute"},"schema":{"@context":"https:\/\/schema.org","@graph":[{"@type":"WebPage","@id":"https:\/\/haptiel.nl\/deutsch\/hast-du-ein-kompliment\/","url":"https:\/\/haptiel.nl\/deutsch\/hast-du-ein-kompliment\/","name":"Hast du ein Kompliment? - Huisartsenspoedpost Tiel - Deutsch","isPartOf":{"@id":"https:\/\/haptiel.nl\/deutsch\/#website"},"datePublished":"2023-02-07T11:47:50+00:00","dateModified":"2024-12-19T11:36:37+00:00","description":"Haben Sie positive Erfahrungen mit Spoedpost Huisartsen Gelders Rivierenland gemacht? Lassen Sie es uns wissen! Ihr Feedback hilft uns, uns zu verbessern.","breadcrumb":{"@id":"https:\/\/haptiel.nl\/deutsch\/hast-du-ein-kompliment\/#breadcrumb"},"inLanguage":"de","potentialAction":[{"@type":"ReadAction","target":["https:\/\/haptiel.nl\/deutsch\/hast-du-ein-kompliment\/"]}]},{"@type":"BreadcrumbList","@id":"https:\/\/haptiel.nl\/deutsch\/hast-du-ein-kompliment\/#breadcrumb","itemListElement":[{"@type":"ListItem","position":1,"name":"Home","item":"https:\/\/haptiel.nl\/deutsch\/"},{"@type":"ListItem","position":2,"name":"Hast du ein Kompliment?"}]},{"@type":"WebSite","@id":"https:\/\/haptiel.nl\/deutsch\/#website","url":"https:\/\/haptiel.nl\/deutsch\/","name":"Huisartsenspoedpost Tiel - Deutsch","description":"","potentialAction":[{"@type":"SearchAction","target":{"@type":"EntryPoint","urlTemplate":"https:\/\/haptiel.nl\/deutsch\/?s={search_term_string}"},"query-input":{"@type":"PropertyValueSpecification","valueRequired":true,"valueName":"search_term_string"}}],"inLanguage":"de"}]}},"_links":{"self":[{"href":"https:\/\/haptiel.nl\/deutsch\/wp-json\/wp\/v2\/pages\/1880","targetHints":{"allow":["GET"]}}],"collection":[{"href":"https:\/\/haptiel.nl\/deutsch\/wp-json\/wp\/v2\/pages"}],"about":[{"href":"https:\/\/haptiel.nl\/deutsch\/wp-json\/wp\/v2\/types\/page"}],"author":[{"embeddable":true,"href":"https:\/\/haptiel.nl\/deutsch\/wp-json\/wp\/v2\/users\/3"}],"replies":[{"embeddable":true,"href":"https:\/\/haptiel.nl\/deutsch\/wp-json\/wp\/v2\/comments?post=1880"}],"version-history":[{"count":1,"href":"https:\/\/haptiel.nl\/deutsch\/wp-json\/wp\/v2\/pages\/1880\/revisions"}],"predecessor-version":[{"id":4913,"href":"https:\/\/haptiel.nl\/deutsch\/wp-json\/wp\/v2\/pages\/1880\/revisions\/4913"}],"wp:attachment":[{"href":"https:\/\/haptiel.nl\/deutsch\/wp-json\/wp\/v2\/media?parent=1880"}],"curies":[{"name":"wp","href":"https:\/\/api.w.org\/{rel}","templated":true}]}}