{"id":1847,"date":"2023-02-07T12:20:25","date_gmt":"2023-02-07T11:20:25","guid":{"rendered":"https:\/\/multisite.mindd.dev\/hap-tiel\/?page_id=1847"},"modified":"2024-12-19T12:36:43","modified_gmt":"2024-12-19T11:36:43","slug":"acil-durum-sonrasi-pratisyen-hekimler-nasil-calisir","status":"publish","type":"page","link":"https:\/\/haptiel.nl\/turkce\/acil-durum-sonrasi-pratisyen-hekimler-nasil-calisir\/","title":{"rendered":"GP Acil Durum \u0130stasyonu nas\u0131l \u00e7al\u0131\u015f\u0131r?"},"content":{"rendered":"\n\n\n<ol class=\"flow-spacer wp-block-list\">\n<li><strong>Bekleyemeyecek bir bak\u0131m i\u00e7in<\/strong><br>Pratisyen Hekimler i\u00e7in Acil Durum Postas\u0131, kendi pratisyen hekiminizin kons\u00fcltasyon saatine kadar bekleyemeyecek acil pratisyen hekim bak\u0131m\u0131 i\u00e7in oradad\u0131r. Pratisyen Hekimler i\u00e7in Acil Durum G\u00f6revlisi Pazartesi&#8217;den Cuma&#8217;ya 17:00-08:00 saatleri aras\u0131nda hizmet vermektedir. Cumartesi, Pazar ve resmi tatil g\u00fcnlerinde g\u00fcn\u00fcn 24 saati hizmetinizdeyiz.<\/li>\n\n\n\n<li><strong>Her zaman \u00f6nce bizi aray\u0131n<\/strong><br>Acil aile hekimi bak\u0131m\u0131na m\u0131 ihtiyac\u0131n\u0131z var? O zaman \u00f6nce bizi aray\u0131n. Daha sonra ihtiyac\u0131n\u0131z olan bak\u0131m\u0131 ald\u0131\u011f\u0131n\u0131zdan emin olaca\u011f\u0131z. Hayati tehlike s\u00f6z konusu mu? O zaman her zaman acil durum numaras\u0131 112&#8217;yi aray\u0131n.<\/li>\n\n\n\n<li><strong>Triyaj hem\u015firesi size daha fazla yard\u0131mc\u0131 olacakt\u0131r<\/strong><br>Bizi ararsan\u0131z, hatta bir triyaj hem\u015firesi alacaks\u0131n\u0131z. Belirtilerinizin ne kadar ciddi oldu\u011funu h\u0131zl\u0131 bir \u015fekilde belirlemek i\u00e7in \u00f6zel olarak e\u011fitilmi\u015ftir. Triyaj hem\u015firesi pratisyen hekim ile birlikte \u00e7al\u0131\u015f\u0131r. \u00dc\u00e7 olas\u0131l\u0131k vard\u0131r:<br>\n<ol class=\"wp-block-list\">\n<li>Telefonla dan\u0131\u015fmanl\u0131k alacaks\u0131n\u0131z: Triyaj hem\u015firesi veya pratisyen hekim size kendi ba\u015f\u0131n\u0131za devam etmek i\u00e7in kullanabilece\u011finiz bir a\u00e7\u0131klama yapacakt\u0131r.<\/li>\n\n\n\n<li>GP Acil Durum \u0130stasyonunda GP veya hem\u015fire ile bir randevu alacaks\u0131n\u0131z<\/li>\n\n\n\n<li>Aile hekimi sizi ziyaret edecektir. Bu, yaln\u0131zca Pratisyen Hekimler i\u00e7in Acil Durum G\u00f6revine gelemeyecek kadar hastaysan\u0131z olur.<\/li>\n<\/ol>\n<\/li>\n\n\n\n<li><strong>Bilgilerinizi haz\u0131rlay\u0131n<\/strong><br>Acil Durum Sonras\u0131 Pratisyen Hekimler ile ileti\u015fime ge\u00e7iyor musunuz? A\u015fa\u011f\u0131daki bilgileri her zaman elinizin alt\u0131nda bulundurun:<br>\n<ul class=\"wp-block-list\">\n<li>Vatanda\u015f hizmet numaran\u0131z (BSN)<\/li>\n\n\n\n<li>Sa\u011fl\u0131k sigortan\u0131z\u0131n detaylar\u0131 (poli\u00e7e numaras\u0131)<\/li>\n\n\n\n<li>Aile hekiminizin ad\u0131<\/li>\n\n\n\n<li>Ald\u0131\u011f\u0131n\u0131z ila\u00e7lara genel bir bak\u0131\u015f<\/li>\n<\/ul>\n<\/li>\n<\/ol>\n\n\n\n<figure class=\"wp-block-embed aligncenter is-type-video is-provider-vimeo wp-block-embed-vimeo wp-embed-aspect-16-9 wp-has-aspect-ratio\"><div class=\"wp-block-embed__wrapper\">https:\/\/vimeo.com\/264451936<\/div><\/figure>\n","protected":false},"excerpt":{"rendered":"","protected":false},"author":3,"featured_media":0,"parent":0,"menu_order":0,"comment_status":"closed","ping_status":"closed","template":"","meta":{"_acf_changed":false,"_trash_the_other_posts":false,"editor_notices":[],"footnotes":""},"class_list":["post-1847","page","type-page","status-publish","hentry"],"acf":[],"yoast_head":"<!-- This site is optimized with the Yoast SEO plugin v26.6 - https:\/\/yoast.com\/wordpress\/plugins\/seo\/ -->\n<title>GP Acil Durum \u0130stasyonu nas\u0131l \u00e7al\u0131\u015f\u0131r? - Huisartsenspoedpost Tiel - T\u00fcrk\u00e7e<\/title>\n<meta name=\"description\" content=\"Ontdek hoe de Spoedpost Huisartsen werkt. 24\/7 bereikbaar voor spoedeisende hulp. Bezoek de website voor meer informatie en contactgegevens.\" \/>\n<meta name=\"robots\" content=\"index, follow, max-snippet:-1, max-image-preview:large, max-video-preview:-1\" \/>\n<link rel=\"canonical\" href=\"https:\/\/haptiel.nl\/turkce\/hoe-werkt-de-spoedpost-huisartsen\/\" \/>\n<meta property=\"og:locale\" content=\"tr_TR\" \/>\n<meta property=\"og:type\" content=\"article\" \/>\n<meta property=\"og:title\" content=\"GP Acil Durum \u0130stasyonu nas\u0131l \u00e7al\u0131\u015f\u0131r? - Huisartsenspoedpost Tiel - T\u00fcrk\u00e7e\" \/>\n<meta property=\"og:description\" content=\"Ontdek hoe de Spoedpost Huisartsen werkt. 24\/7 bereikbaar voor spoedeisende hulp. Bezoek de website voor meer informatie en contactgegevens.\" \/>\n<meta property=\"og:url\" content=\"https:\/\/haptiel.nl\/turkce\/hoe-werkt-de-spoedpost-huisartsen\/\" \/>\n<meta property=\"og:site_name\" content=\"Huisartsenspoedpost Tiel - T\u00fcrk\u00e7e\" \/>\n<meta property=\"article:modified_time\" content=\"2024-12-19T11:36:43+00:00\" \/>\n<meta name=\"twitter:card\" content=\"summary_large_image\" \/>\n<meta name=\"twitter:label1\" content=\"Tahmini okuma s\u00fcresi\" \/>\n\t<meta name=\"twitter:data1\" content=\"2 dakika\" \/>\n<script type=\"application\/ld+json\" class=\"yoast-schema-graph\">{\"@context\":\"https:\/\/schema.org\",\"@graph\":[{\"@type\":\"WebPage\",\"@id\":\"https:\/\/haptiel.nl\/turkce\/hoe-werkt-de-spoedpost-huisartsen\/\",\"url\":\"https:\/\/haptiel.nl\/turkce\/hoe-werkt-de-spoedpost-huisartsen\/\",\"name\":\"GP Acil Durum \u0130stasyonu nas\u0131l \u00e7al\u0131\u015f\u0131r? - Huisartsenspoedpost Tiel - T\u00fcrk\u00e7e\",\"isPartOf\":{\"@id\":\"https:\/\/haptiel.nl\/turkce\/#website\"},\"datePublished\":\"2023-02-07T11:20:25+00:00\",\"dateModified\":\"2024-12-19T11:36:43+00:00\",\"description\":\"Ontdek hoe de Spoedpost Huisartsen werkt. 24\/7 bereikbaar voor spoedeisende hulp. Bezoek de website voor meer informatie en contactgegevens.\",\"breadcrumb\":{\"@id\":\"https:\/\/haptiel.nl\/turkce\/hoe-werkt-de-spoedpost-huisartsen\/#breadcrumb\"},\"inLanguage\":\"tr\",\"potentialAction\":[{\"@type\":\"ReadAction\",\"target\":[\"https:\/\/haptiel.nl\/turkce\/hoe-werkt-de-spoedpost-huisartsen\/\"]}]},{\"@type\":\"BreadcrumbList\",\"@id\":\"https:\/\/haptiel.nl\/turkce\/hoe-werkt-de-spoedpost-huisartsen\/#breadcrumb\",\"itemListElement\":[{\"@type\":\"ListItem\",\"position\":1,\"name\":\"Home\",\"item\":\"https:\/\/haptiel.nl\/turkce\/\"},{\"@type\":\"ListItem\",\"position\":2,\"name\":\"Hoe werkt de Spoedpost Huisartsen?\"}]},{\"@type\":\"WebSite\",\"@id\":\"https:\/\/haptiel.nl\/turkce\/#website\",\"url\":\"https:\/\/haptiel.nl\/turkce\/\",\"name\":\"Huisartsenspoedpost Tiel - T\u00fcrk\u00e7e\",\"description\":\"\",\"potentialAction\":[{\"@type\":\"SearchAction\",\"target\":{\"@type\":\"EntryPoint\",\"urlTemplate\":\"https:\/\/haptiel.nl\/turkce\/?s={search_term_string}\"},\"query-input\":{\"@type\":\"PropertyValueSpecification\",\"valueRequired\":true,\"valueName\":\"search_term_string\"}}],\"inLanguage\":\"tr\"}]}<\/script>\n<!-- \/ Yoast SEO plugin. -->","yoast_head_json":{"title":"GP Acil Durum \u0130stasyonu nas\u0131l \u00e7al\u0131\u015f\u0131r? - Huisartsenspoedpost Tiel - T\u00fcrk\u00e7e","description":"Ontdek hoe de Spoedpost Huisartsen werkt. 24\/7 bereikbaar voor spoedeisende hulp. Bezoek de website voor meer informatie en contactgegevens.","robots":{"index":"index","follow":"follow","max-snippet":"max-snippet:-1","max-image-preview":"max-image-preview:large","max-video-preview":"max-video-preview:-1"},"canonical":"https:\/\/haptiel.nl\/turkce\/hoe-werkt-de-spoedpost-huisartsen\/","og_locale":"tr_TR","og_type":"article","og_title":"GP Acil Durum \u0130stasyonu nas\u0131l \u00e7al\u0131\u015f\u0131r? - Huisartsenspoedpost Tiel - T\u00fcrk\u00e7e","og_description":"Ontdek hoe de Spoedpost Huisartsen werkt. 24\/7 bereikbaar voor spoedeisende hulp. Bezoek de website voor meer informatie en contactgegevens.","og_url":"https:\/\/haptiel.nl\/turkce\/hoe-werkt-de-spoedpost-huisartsen\/","og_site_name":"Huisartsenspoedpost Tiel - T\u00fcrk\u00e7e","article_modified_time":"2024-12-19T11:36:43+00:00","twitter_card":"summary_large_image","twitter_misc":{"Tahmini okuma s\u00fcresi":"2 dakika"},"schema":{"@context":"https:\/\/schema.org","@graph":[{"@type":"WebPage","@id":"https:\/\/haptiel.nl\/turkce\/hoe-werkt-de-spoedpost-huisartsen\/","url":"https:\/\/haptiel.nl\/turkce\/hoe-werkt-de-spoedpost-huisartsen\/","name":"GP Acil Durum \u0130stasyonu nas\u0131l \u00e7al\u0131\u015f\u0131r? - Huisartsenspoedpost Tiel - T\u00fcrk\u00e7e","isPartOf":{"@id":"https:\/\/haptiel.nl\/turkce\/#website"},"datePublished":"2023-02-07T11:20:25+00:00","dateModified":"2024-12-19T11:36:43+00:00","description":"Ontdek hoe de Spoedpost Huisartsen werkt. 24\/7 bereikbaar voor spoedeisende hulp. Bezoek de website voor meer informatie en contactgegevens.","breadcrumb":{"@id":"https:\/\/haptiel.nl\/turkce\/hoe-werkt-de-spoedpost-huisartsen\/#breadcrumb"},"inLanguage":"tr","potentialAction":[{"@type":"ReadAction","target":["https:\/\/haptiel.nl\/turkce\/hoe-werkt-de-spoedpost-huisartsen\/"]}]},{"@type":"BreadcrumbList","@id":"https:\/\/haptiel.nl\/turkce\/hoe-werkt-de-spoedpost-huisartsen\/#breadcrumb","itemListElement":[{"@type":"ListItem","position":1,"name":"Home","item":"https:\/\/haptiel.nl\/turkce\/"},{"@type":"ListItem","position":2,"name":"Hoe werkt de Spoedpost Huisartsen?"}]},{"@type":"WebSite","@id":"https:\/\/haptiel.nl\/turkce\/#website","url":"https:\/\/haptiel.nl\/turkce\/","name":"Huisartsenspoedpost Tiel - T\u00fcrk\u00e7e","description":"","potentialAction":[{"@type":"SearchAction","target":{"@type":"EntryPoint","urlTemplate":"https:\/\/haptiel.nl\/turkce\/?s={search_term_string}"},"query-input":{"@type":"PropertyValueSpecification","valueRequired":true,"valueName":"search_term_string"}}],"inLanguage":"tr"}]}},"_links":{"self":[{"href":"https:\/\/haptiel.nl\/turkce\/wp-json\/wp\/v2\/pages\/1847","targetHints":{"allow":["GET"]}}],"collection":[{"href":"https:\/\/haptiel.nl\/turkce\/wp-json\/wp\/v2\/pages"}],"about":[{"href":"https:\/\/haptiel.nl\/turkce\/wp-json\/wp\/v2\/types\/page"}],"author":[{"embeddable":true,"href":"https:\/\/haptiel.nl\/turkce\/wp-json\/wp\/v2\/users\/3"}],"replies":[{"embeddable":true,"href":"https:\/\/haptiel.nl\/turkce\/wp-json\/wp\/v2\/comments?post=1847"}],"version-history":[{"count":1,"href":"https:\/\/haptiel.nl\/turkce\/wp-json\/wp\/v2\/pages\/1847\/revisions"}],"predecessor-version":[{"id":4931,"href":"https:\/\/haptiel.nl\/turkce\/wp-json\/wp\/v2\/pages\/1847\/revisions\/4931"}],"wp:attachment":[{"href":"https:\/\/haptiel.nl\/turkce\/wp-json\/wp\/v2\/media?parent=1847"}],"curies":[{"name":"wp","href":"https:\/\/api.w.org\/{rel}","templated":true}]}}