{"id":1873,"date":"2023-02-07T12:40:06","date_gmt":"2023-02-07T11:40:06","guid":{"rendered":"https:\/\/multisite.mindd.dev\/hap-tiel\/?page_id=1873"},"modified":"2026-02-03T16:36:53","modified_gmt":"2026-02-03T15:36:53","slug":"acil-servise-gitmenin-maliyeti-ne-kadar-olur","status":"publish","type":"page","link":"https:\/\/haptiel.nl\/turkce\/acil-servise-gitmenin-maliyeti-ne-kadar-olur\/","title":{"rendered":"Acil Durum Sonras\u0131 Genel Hekimlere bir ziyaret ne kadar tutar?"},"content":{"rendered":"\n<p>Genel Hekimler i\u00e7in Acil Durum Merkeziyle her temas i\u00e7in bir fatura alacaks\u0131n\u0131z. Yani sadece bizi arasan\u0131z bile. Sigortal\u0131 m\u0131s\u0131n\u0131z? Sonra fatura do\u011frudan sa\u011fl\u0131k sigortan\u0131za gider. Temel sigorta, GP ve dolay\u0131s\u0131yla GP Acil Durum \u0130stasyonu&#8217;nun masraflar\u0131n\u0131 kar\u015f\u0131lar.<\/p>\n\n\n\n<p>Sigortal\u0131 de\u011fil misiniz? Sonra hesab\u0131 GP Acil Durum \u0130stasyonu&#8217;nda \u00f6dersiniz. Bizde sadece banka kart\u0131yla \u00f6deme yapabilirsiniz.<\/p>\n\n\n\n<h2 class=\"wp-block-heading\">Fiyatlar\u0131m\u0131z<\/h2>\n\n\n\n<figure class=\"wp-block-table\"><table class=\"has-fixed-layout\"><tbody><tr><td class=\"has-text-align-left\" data-align=\"left\">Telefon dan\u0131\u015fmanl\u0131\u011f\u0131<\/td><td>\u20ac35,00&#8217;dan<\/td><\/tr><tr><td class=\"has-text-align-left\" data-align=\"left\">Genel Hekimler i\u00e7in Acil Durum Merkezi&#8217;nde Dan\u0131\u015fma<\/td><td>\u20ac202.57<\/td><\/tr><tr><td class=\"has-text-align-left\" data-align=\"left\">Evinizi ziyaret edin<\/td><td>\u20ac303.86<\/td><\/tr><\/tbody><\/table><\/figure>\n\n\n\n<h2 class=\"wp-block-heading\">Hastaneye sevk<\/h2>\n\n\n\n<p>GP Acil Durum Merkezi&#8217;ndeki aile hekiminin, sizi Rivierenland Hastanesi Acil Servisine (ED) y\u00f6nlendirmesi m\u00fcmk\u00fcnd\u00fcr. Sa\u011fl\u0131k sigortac\u0131s\u0131, hastanedeki bak\u0131m masraflar\u0131n\u0131 muafiyetinizden d\u00fc\u015fecektir.<\/p>\n","protected":false},"excerpt":{"rendered":"<p>Genel Hekimler i\u00e7in Acil Durum Merkeziyle her temas i\u00e7in bir fatura alacaks\u0131n\u0131z. Yani sadece bizi arasan\u0131z bile. Sigortal\u0131 m\u0131s\u0131n\u0131z? Sonra fatura do\u011frudan sa\u011fl\u0131k sigortan\u0131za gider. Temel sigorta, GP ve dolay\u0131s\u0131yla GP Acil Durum \u0130stasyonu&#8217;nun masraflar\u0131n\u0131 kar\u015f\u0131lar. Sigortal\u0131 de\u011fil misiniz? Sonra hesab\u0131 GP Acil Durum \u0130stasyonu&#8217;nda \u00f6dersiniz. Bizde sadece banka kart\u0131yla \u00f6deme yapabilirsiniz. Fiyatlar\u0131m\u0131z Telefon dan\u0131\u015fmanl\u0131\u011f\u0131 [&hellip;]<\/p>\n","protected":false},"author":3,"featured_media":0,"parent":0,"menu_order":0,"comment_status":"closed","ping_status":"closed","template":"","meta":{"_acf_changed":false,"_trash_the_other_posts":false,"editor_notices":[],"footnotes":""},"class_list":["post-1873","page","type-page","status-publish","hentry"],"acf":[],"yoast_head":"<!-- This site is optimized with the Yoast SEO plugin v26.6 - https:\/\/yoast.com\/wordpress\/plugins\/seo\/ -->\n<title>Acil Durum Sonras\u0131 Genel Hekimlere bir ziyaret ne kadar tutar? - Huisartsenspoedpost Tiel - T\u00fcrk\u00e7e<\/title>\n<meta name=\"description\" content=\"Voor elk contact met de Spoedpost Huisartsen krijgt u een rekening. Bent u verzekerd? Dan gaat de rekening naar uw zorgverzekeraar.\" \/>\n<meta name=\"robots\" content=\"index, follow, max-snippet:-1, max-image-preview:large, max-video-preview:-1\" \/>\n<link rel=\"canonical\" href=\"https:\/\/haptiel.nl\/turkce\/wat-kost-een-bezoek-aan-de-spoedpost-huisartsen\/\" \/>\n<meta property=\"og:locale\" content=\"tr_TR\" \/>\n<meta property=\"og:type\" content=\"article\" \/>\n<meta property=\"og:title\" content=\"Acil Durum Sonras\u0131 Genel Hekimlere bir ziyaret ne kadar tutar? - Huisartsenspoedpost Tiel - T\u00fcrk\u00e7e\" \/>\n<meta property=\"og:description\" content=\"Voor elk contact met de Spoedpost Huisartsen krijgt u een rekening. Bent u verzekerd? Dan gaat de rekening naar uw zorgverzekeraar.\" \/>\n<meta property=\"og:url\" content=\"https:\/\/haptiel.nl\/turkce\/wat-kost-een-bezoek-aan-de-spoedpost-huisartsen\/\" \/>\n<meta property=\"og:site_name\" content=\"Huisartsenspoedpost Tiel - T\u00fcrk\u00e7e\" \/>\n<meta property=\"article:modified_time\" content=\"2026-02-03T15:36:53+00:00\" \/>\n<meta name=\"twitter:card\" content=\"summary_large_image\" \/>\n<meta name=\"twitter:label1\" content=\"Tahmini okuma s\u00fcresi\" \/>\n\t<meta name=\"twitter:data1\" content=\"1 dakika\" \/>\n<script type=\"application\/ld+json\" class=\"yoast-schema-graph\">{\"@context\":\"https:\/\/schema.org\",\"@graph\":[{\"@type\":\"WebPage\",\"@id\":\"https:\/\/haptiel.nl\/turkce\/wat-kost-een-bezoek-aan-de-spoedpost-huisartsen\/\",\"url\":\"https:\/\/haptiel.nl\/turkce\/wat-kost-een-bezoek-aan-de-spoedpost-huisartsen\/\",\"name\":\"Acil Durum Sonras\u0131 Genel Hekimlere bir ziyaret ne kadar tutar? - Huisartsenspoedpost Tiel - T\u00fcrk\u00e7e\",\"isPartOf\":{\"@id\":\"https:\/\/haptiel.nl\/turkce\/#website\"},\"datePublished\":\"2023-02-07T11:40:06+00:00\",\"dateModified\":\"2026-02-03T15:36:53+00:00\",\"description\":\"Voor elk contact met de Spoedpost Huisartsen krijgt u een rekening. Bent u verzekerd? Dan gaat de rekening naar uw zorgverzekeraar.\",\"breadcrumb\":{\"@id\":\"https:\/\/haptiel.nl\/turkce\/wat-kost-een-bezoek-aan-de-spoedpost-huisartsen\/#breadcrumb\"},\"inLanguage\":\"tr\",\"potentialAction\":[{\"@type\":\"ReadAction\",\"target\":[\"https:\/\/haptiel.nl\/turkce\/wat-kost-een-bezoek-aan-de-spoedpost-huisartsen\/\"]}]},{\"@type\":\"BreadcrumbList\",\"@id\":\"https:\/\/haptiel.nl\/turkce\/wat-kost-een-bezoek-aan-de-spoedpost-huisartsen\/#breadcrumb\",\"itemListElement\":[{\"@type\":\"ListItem\",\"position\":1,\"name\":\"Home\",\"item\":\"https:\/\/haptiel.nl\/turkce\/\"},{\"@type\":\"ListItem\",\"position\":2,\"name\":\"Wat kost een bezoek aan de Spoedpost Huisartsen?\"}]},{\"@type\":\"WebSite\",\"@id\":\"https:\/\/haptiel.nl\/turkce\/#website\",\"url\":\"https:\/\/haptiel.nl\/turkce\/\",\"name\":\"Huisartsenspoedpost Tiel - T\u00fcrk\u00e7e\",\"description\":\"\",\"potentialAction\":[{\"@type\":\"SearchAction\",\"target\":{\"@type\":\"EntryPoint\",\"urlTemplate\":\"https:\/\/haptiel.nl\/turkce\/?s={search_term_string}\"},\"query-input\":{\"@type\":\"PropertyValueSpecification\",\"valueRequired\":true,\"valueName\":\"search_term_string\"}}],\"inLanguage\":\"tr\"}]}<\/script>\n<!-- \/ Yoast SEO plugin. -->","yoast_head_json":{"title":"Acil Durum Sonras\u0131 Genel Hekimlere bir ziyaret ne kadar tutar? - Huisartsenspoedpost Tiel - T\u00fcrk\u00e7e","description":"Voor elk contact met de Spoedpost Huisartsen krijgt u een rekening. Bent u verzekerd? Dan gaat de rekening naar uw zorgverzekeraar.","robots":{"index":"index","follow":"follow","max-snippet":"max-snippet:-1","max-image-preview":"max-image-preview:large","max-video-preview":"max-video-preview:-1"},"canonical":"https:\/\/haptiel.nl\/turkce\/wat-kost-een-bezoek-aan-de-spoedpost-huisartsen\/","og_locale":"tr_TR","og_type":"article","og_title":"Acil Durum Sonras\u0131 Genel Hekimlere bir ziyaret ne kadar tutar? - Huisartsenspoedpost Tiel - T\u00fcrk\u00e7e","og_description":"Voor elk contact met de Spoedpost Huisartsen krijgt u een rekening. Bent u verzekerd? Dan gaat de rekening naar uw zorgverzekeraar.","og_url":"https:\/\/haptiel.nl\/turkce\/wat-kost-een-bezoek-aan-de-spoedpost-huisartsen\/","og_site_name":"Huisartsenspoedpost Tiel - T\u00fcrk\u00e7e","article_modified_time":"2026-02-03T15:36:53+00:00","twitter_card":"summary_large_image","twitter_misc":{"Tahmini okuma s\u00fcresi":"1 dakika"},"schema":{"@context":"https:\/\/schema.org","@graph":[{"@type":"WebPage","@id":"https:\/\/haptiel.nl\/turkce\/wat-kost-een-bezoek-aan-de-spoedpost-huisartsen\/","url":"https:\/\/haptiel.nl\/turkce\/wat-kost-een-bezoek-aan-de-spoedpost-huisartsen\/","name":"Acil Durum Sonras\u0131 Genel Hekimlere bir ziyaret ne kadar tutar? - Huisartsenspoedpost Tiel - T\u00fcrk\u00e7e","isPartOf":{"@id":"https:\/\/haptiel.nl\/turkce\/#website"},"datePublished":"2023-02-07T11:40:06+00:00","dateModified":"2026-02-03T15:36:53+00:00","description":"Voor elk contact met de Spoedpost Huisartsen krijgt u een rekening. Bent u verzekerd? Dan gaat de rekening naar uw zorgverzekeraar.","breadcrumb":{"@id":"https:\/\/haptiel.nl\/turkce\/wat-kost-een-bezoek-aan-de-spoedpost-huisartsen\/#breadcrumb"},"inLanguage":"tr","potentialAction":[{"@type":"ReadAction","target":["https:\/\/haptiel.nl\/turkce\/wat-kost-een-bezoek-aan-de-spoedpost-huisartsen\/"]}]},{"@type":"BreadcrumbList","@id":"https:\/\/haptiel.nl\/turkce\/wat-kost-een-bezoek-aan-de-spoedpost-huisartsen\/#breadcrumb","itemListElement":[{"@type":"ListItem","position":1,"name":"Home","item":"https:\/\/haptiel.nl\/turkce\/"},{"@type":"ListItem","position":2,"name":"Wat kost een bezoek aan de Spoedpost Huisartsen?"}]},{"@type":"WebSite","@id":"https:\/\/haptiel.nl\/turkce\/#website","url":"https:\/\/haptiel.nl\/turkce\/","name":"Huisartsenspoedpost Tiel - T\u00fcrk\u00e7e","description":"","potentialAction":[{"@type":"SearchAction","target":{"@type":"EntryPoint","urlTemplate":"https:\/\/haptiel.nl\/turkce\/?s={search_term_string}"},"query-input":{"@type":"PropertyValueSpecification","valueRequired":true,"valueName":"search_term_string"}}],"inLanguage":"tr"}]}},"_links":{"self":[{"href":"https:\/\/haptiel.nl\/turkce\/wp-json\/wp\/v2\/pages\/1873","targetHints":{"allow":["GET"]}}],"collection":[{"href":"https:\/\/haptiel.nl\/turkce\/wp-json\/wp\/v2\/pages"}],"about":[{"href":"https:\/\/haptiel.nl\/turkce\/wp-json\/wp\/v2\/types\/page"}],"author":[{"embeddable":true,"href":"https:\/\/haptiel.nl\/turkce\/wp-json\/wp\/v2\/users\/3"}],"replies":[{"embeddable":true,"href":"https:\/\/haptiel.nl\/turkce\/wp-json\/wp\/v2\/comments?post=1873"}],"version-history":[{"count":3,"href":"https:\/\/haptiel.nl\/turkce\/wp-json\/wp\/v2\/pages\/1873\/revisions"}],"predecessor-version":[{"id":5030,"href":"https:\/\/haptiel.nl\/turkce\/wp-json\/wp\/v2\/pages\/1873\/revisions\/5030"}],"wp:attachment":[{"href":"https:\/\/haptiel.nl\/turkce\/wp-json\/wp\/v2\/media?parent=1873"}],"curies":[{"name":"wp","href":"https:\/\/api.w.org\/{rel}","templated":true}]}}