{"id":1878,"date":"2023-02-07T12:45:33","date_gmt":"2023-02-07T11:45:33","guid":{"rendered":"https:\/\/multisite.mindd.dev\/hap-tiel\/?page_id=1878"},"modified":"2024-12-19T12:36:39","modified_gmt":"2024-12-19T11:36:39","slug":"degisim-tibbi-veri","status":"publish","type":"page","link":"https:\/\/haptiel.nl\/turkce\/degisim-tibbi-veri\/","title":{"rendered":"T\u0131bbi veri de\u011fi\u015fimi"},"content":{"rendered":"\n\n\n<p>GP Acil Durum \u0130stasyonunda, kendi pratisyen hekiminiz d\u0131\u015f\u0131nda bir doktor alabilirsiniz. O zaman en \u00f6nemli t\u0131bbi verilerinizi h\u0131zl\u0131 ve kolay bir \u015fekilde g\u00f6rebilmesi \u00f6nemlidir. Bu \u015fekilde her seferinde hikayenizi anlatmak zorunda kalmazs\u0131n\u0131z. Ve do\u011fru bak\u0131m\u0131 alacaks\u0131n\u0131z. Zaman kazand\u0131r\u0131r ve hatalar\u0131 \u00f6nler.<\/p>\n\n\n\n<h2 class=\"wp-block-heading\">Ulusal anahtarlama noktas\u0131 (LSP)<\/h2>\n\n\n\n<p>Aile hekiminize ve eczanenize t\u0131bbi verilerinizi payla\u015fmas\u0131 i\u00e7in izin verebilirsiniz. Bu payla\u015f\u0131m Ulusal De\u011fi\u015fim Noktas\u0131 (LSP) arac\u0131l\u0131\u011f\u0131yla yap\u0131l\u0131r. Bu, bu ama\u00e7 i\u00e7in \u00f6zel olarak geli\u015ftirilmi\u015f ve g\u00fcvence alt\u0131na al\u0131nm\u0131\u015f bir a\u011fd\u0131r. A\u011f arac\u0131l\u0131\u011f\u0131yla, sa\u011fl\u0131k hizmeti sa\u011flay\u0131c\u0131lar\u0131 hastalar\u0131n t\u0131bbi verilerini birbirlerinin sistemlerinde g\u00f6r\u00fcnt\u00fcleyebilir.<\/p>\n\n\n\n<h2 class=\"wp-block-heading\">Daha fazla bilgi ister misiniz?<\/h2>\n\n\n\n<p>Daha fazla bilgi i\u00e7in doktorunuza dan\u0131\u015f\u0131n veya <a href=\"https:\/\/www.volgjezorg.nl\/het-lsp\">https:\/\/www.volgjezorg.nl\/het-lsp<\/a> ziyaret edin<\/p>\n","protected":false},"excerpt":{"rendered":"<p>GP Acil Durum \u0130stasyonunda, kendi pratisyen hekiminiz d\u0131\u015f\u0131nda bir doktor alabilirsiniz. O zaman en \u00f6nemli t\u0131bbi verilerinizi h\u0131zl\u0131 ve kolay bir \u015fekilde g\u00f6rebilmesi \u00f6nemlidir. Bu \u015fekilde her seferinde hikayenizi anlatmak zorunda kalmazs\u0131n\u0131z. Ve do\u011fru bak\u0131m\u0131 alacaks\u0131n\u0131z. Zaman kazand\u0131r\u0131r ve hatalar\u0131 \u00f6nler. Ulusal anahtarlama noktas\u0131 (LSP) Aile hekiminize ve eczanenize t\u0131bbi verilerinizi payla\u015fmas\u0131 i\u00e7in izin verebilirsiniz. [&hellip;]<\/p>\n","protected":false},"author":3,"featured_media":0,"parent":0,"menu_order":0,"comment_status":"closed","ping_status":"closed","template":"","meta":{"_acf_changed":false,"_trash_the_other_posts":false,"editor_notices":[],"footnotes":""},"class_list":["post-1878","page","type-page","status-publish","hentry"],"acf":[],"yoast_head":"<!-- This site is optimized with the Yoast SEO plugin v26.6 - https:\/\/yoast.com\/wordpress\/plugins\/seo\/ -->\n<title>T\u0131bbi veri de\u011fi\u015fimi - Huisartsenspoedpost Tiel - T\u00fcrk\u00e7e<\/title>\n<meta name=\"description\" content=\"U kunt uw huisarts en apotheek toestemming geven om uw medische gegevens te delen. Dat delen gebeurt via het Landelijk Schakelpunt (LSP).\" \/>\n<meta name=\"robots\" content=\"index, follow, max-snippet:-1, max-image-preview:large, max-video-preview:-1\" \/>\n<link rel=\"canonical\" href=\"https:\/\/haptiel.nl\/turkce\/uitwisseling-medische-gegevens\/\" \/>\n<meta property=\"og:locale\" content=\"tr_TR\" \/>\n<meta property=\"og:type\" content=\"article\" \/>\n<meta property=\"og:title\" content=\"T\u0131bbi veri de\u011fi\u015fimi - Huisartsenspoedpost Tiel - T\u00fcrk\u00e7e\" \/>\n<meta property=\"og:description\" content=\"U kunt uw huisarts en apotheek toestemming geven om uw medische gegevens te delen. Dat delen gebeurt via het Landelijk Schakelpunt (LSP).\" \/>\n<meta property=\"og:url\" content=\"https:\/\/haptiel.nl\/turkce\/uitwisseling-medische-gegevens\/\" \/>\n<meta property=\"og:site_name\" content=\"Huisartsenspoedpost Tiel - T\u00fcrk\u00e7e\" \/>\n<meta property=\"article:modified_time\" content=\"2024-12-19T11:36:39+00:00\" \/>\n<meta name=\"twitter:card\" content=\"summary_large_image\" \/>\n<meta name=\"twitter:label1\" content=\"Tahmini okuma s\u00fcresi\" \/>\n\t<meta name=\"twitter:data1\" content=\"1 dakika\" \/>\n<script type=\"application\/ld+json\" class=\"yoast-schema-graph\">{\"@context\":\"https:\/\/schema.org\",\"@graph\":[{\"@type\":\"WebPage\",\"@id\":\"https:\/\/haptiel.nl\/turkce\/uitwisseling-medische-gegevens\/\",\"url\":\"https:\/\/haptiel.nl\/turkce\/uitwisseling-medische-gegevens\/\",\"name\":\"T\u0131bbi veri de\u011fi\u015fimi - Huisartsenspoedpost Tiel - T\u00fcrk\u00e7e\",\"isPartOf\":{\"@id\":\"https:\/\/haptiel.nl\/turkce\/#website\"},\"datePublished\":\"2023-02-07T11:45:33+00:00\",\"dateModified\":\"2024-12-19T11:36:39+00:00\",\"description\":\"U kunt uw huisarts en apotheek toestemming geven om uw medische gegevens te delen. Dat delen gebeurt via het Landelijk Schakelpunt (LSP).\",\"breadcrumb\":{\"@id\":\"https:\/\/haptiel.nl\/turkce\/uitwisseling-medische-gegevens\/#breadcrumb\"},\"inLanguage\":\"tr\",\"potentialAction\":[{\"@type\":\"ReadAction\",\"target\":[\"https:\/\/haptiel.nl\/turkce\/uitwisseling-medische-gegevens\/\"]}]},{\"@type\":\"BreadcrumbList\",\"@id\":\"https:\/\/haptiel.nl\/turkce\/uitwisseling-medische-gegevens\/#breadcrumb\",\"itemListElement\":[{\"@type\":\"ListItem\",\"position\":1,\"name\":\"Home\",\"item\":\"https:\/\/haptiel.nl\/turkce\/\"},{\"@type\":\"ListItem\",\"position\":2,\"name\":\"Uitwisseling medische gegevens\"}]},{\"@type\":\"WebSite\",\"@id\":\"https:\/\/haptiel.nl\/turkce\/#website\",\"url\":\"https:\/\/haptiel.nl\/turkce\/\",\"name\":\"Huisartsenspoedpost Tiel - T\u00fcrk\u00e7e\",\"description\":\"\",\"potentialAction\":[{\"@type\":\"SearchAction\",\"target\":{\"@type\":\"EntryPoint\",\"urlTemplate\":\"https:\/\/haptiel.nl\/turkce\/?s={search_term_string}\"},\"query-input\":{\"@type\":\"PropertyValueSpecification\",\"valueRequired\":true,\"valueName\":\"search_term_string\"}}],\"inLanguage\":\"tr\"}]}<\/script>\n<!-- \/ Yoast SEO plugin. -->","yoast_head_json":{"title":"T\u0131bbi veri de\u011fi\u015fimi - Huisartsenspoedpost Tiel - T\u00fcrk\u00e7e","description":"U kunt uw huisarts en apotheek toestemming geven om uw medische gegevens te delen. Dat delen gebeurt via het Landelijk Schakelpunt (LSP).","robots":{"index":"index","follow":"follow","max-snippet":"max-snippet:-1","max-image-preview":"max-image-preview:large","max-video-preview":"max-video-preview:-1"},"canonical":"https:\/\/haptiel.nl\/turkce\/uitwisseling-medische-gegevens\/","og_locale":"tr_TR","og_type":"article","og_title":"T\u0131bbi veri de\u011fi\u015fimi - Huisartsenspoedpost Tiel - T\u00fcrk\u00e7e","og_description":"U kunt uw huisarts en apotheek toestemming geven om uw medische gegevens te delen. Dat delen gebeurt via het Landelijk Schakelpunt (LSP).","og_url":"https:\/\/haptiel.nl\/turkce\/uitwisseling-medische-gegevens\/","og_site_name":"Huisartsenspoedpost Tiel - T\u00fcrk\u00e7e","article_modified_time":"2024-12-19T11:36:39+00:00","twitter_card":"summary_large_image","twitter_misc":{"Tahmini okuma s\u00fcresi":"1 dakika"},"schema":{"@context":"https:\/\/schema.org","@graph":[{"@type":"WebPage","@id":"https:\/\/haptiel.nl\/turkce\/uitwisseling-medische-gegevens\/","url":"https:\/\/haptiel.nl\/turkce\/uitwisseling-medische-gegevens\/","name":"T\u0131bbi veri de\u011fi\u015fimi - Huisartsenspoedpost Tiel - T\u00fcrk\u00e7e","isPartOf":{"@id":"https:\/\/haptiel.nl\/turkce\/#website"},"datePublished":"2023-02-07T11:45:33+00:00","dateModified":"2024-12-19T11:36:39+00:00","description":"U kunt uw huisarts en apotheek toestemming geven om uw medische gegevens te delen. Dat delen gebeurt via het Landelijk Schakelpunt (LSP).","breadcrumb":{"@id":"https:\/\/haptiel.nl\/turkce\/uitwisseling-medische-gegevens\/#breadcrumb"},"inLanguage":"tr","potentialAction":[{"@type":"ReadAction","target":["https:\/\/haptiel.nl\/turkce\/uitwisseling-medische-gegevens\/"]}]},{"@type":"BreadcrumbList","@id":"https:\/\/haptiel.nl\/turkce\/uitwisseling-medische-gegevens\/#breadcrumb","itemListElement":[{"@type":"ListItem","position":1,"name":"Home","item":"https:\/\/haptiel.nl\/turkce\/"},{"@type":"ListItem","position":2,"name":"Uitwisseling medische gegevens"}]},{"@type":"WebSite","@id":"https:\/\/haptiel.nl\/turkce\/#website","url":"https:\/\/haptiel.nl\/turkce\/","name":"Huisartsenspoedpost Tiel - T\u00fcrk\u00e7e","description":"","potentialAction":[{"@type":"SearchAction","target":{"@type":"EntryPoint","urlTemplate":"https:\/\/haptiel.nl\/turkce\/?s={search_term_string}"},"query-input":{"@type":"PropertyValueSpecification","valueRequired":true,"valueName":"search_term_string"}}],"inLanguage":"tr"}]}},"_links":{"self":[{"href":"https:\/\/haptiel.nl\/turkce\/wp-json\/wp\/v2\/pages\/1878","targetHints":{"allow":["GET"]}}],"collection":[{"href":"https:\/\/haptiel.nl\/turkce\/wp-json\/wp\/v2\/pages"}],"about":[{"href":"https:\/\/haptiel.nl\/turkce\/wp-json\/wp\/v2\/types\/page"}],"author":[{"embeddable":true,"href":"https:\/\/haptiel.nl\/turkce\/wp-json\/wp\/v2\/users\/3"}],"replies":[{"embeddable":true,"href":"https:\/\/haptiel.nl\/turkce\/wp-json\/wp\/v2\/comments?post=1878"}],"version-history":[{"count":1,"href":"https:\/\/haptiel.nl\/turkce\/wp-json\/wp\/v2\/pages\/1878\/revisions"}],"predecessor-version":[{"id":4928,"href":"https:\/\/haptiel.nl\/turkce\/wp-json\/wp\/v2\/pages\/1878\/revisions\/4928"}],"wp:attachment":[{"href":"https:\/\/haptiel.nl\/turkce\/wp-json\/wp\/v2\/media?parent=1878"}],"curies":[{"name":"wp","href":"https:\/\/api.w.org\/{rel}","templated":true}]}}